{"id":137,"date":"2019-02-15T17:21:02","date_gmt":"2019-02-15T17:21:02","guid":{"rendered":"https:\/\/colamericanodegirardot.edu.co\/home\/?page_id=137"},"modified":"2019-03-01T14:13:33","modified_gmt":"2019-03-01T14:13:33","slug":"objetivos-estrategicos-2","status":"publish","type":"page","link":"https:\/\/colamericanodegirardot.edu.co\/home\/objetivos-estrategicos-2\/","title":{"rendered":"OBJETIVOS ESTRAT\u00c9GICOS"},"content":{"rendered":"\n\t<p><strong>Alto desempe\u00f1o de los estudiantes:<\/strong> Lograr que los estudiantes que se presentan en pruebas de estado (SABER E ICFES SABER 11\u00b0) alcancen un alto desempe\u00f1o, fruto de un proceso de profundizaci\u00f3n e innovaci\u00f3n en las \u00e1reas fundamentales, que les permita mostrarse como personas competentes ante las exigencias del medio sociocultural que la actualidad plantea.<\/p>\n<p><strong>Uso de nuevas tecnolog\u00edas:<\/strong> A trav\u00e9s de la implementaci\u00f3n de una pol\u00edtica institucional acad\u00e9mica, promover el uso y la aplicaci\u00f3n de las herramientas en TIC`S como instrumentos de apoyo para el aprendizaje, y permitir el desarrollo de la competencia para manejo de informaci\u00f3n.<\/p>\n\t\t\t\t<img fetchpriority=\"high\" decoding=\"async\" src=\"https:\/\/colamericanodegirardot.edu.co\/home\/wp-content\/uploads\/2019\/03\/objetivos-estrategicos.png\" alt=\"objetivos-estrategicos\" itemprop=\"image\" height=\"576\" width=\"1024\" title=\"objetivos-estrategicos\" onerror=\"this.style.display='none'\"  \/>\n\t<p>&nbsp;<\/p>\n<p><strong>Preparaci\u00f3n del talento humano:<\/strong> Contar con un equipo humano comprometido y calificado como resultado de la formaci\u00f3n permanente en las dimensiones personales y profesionales, para garantizar que nuestros estudiantes alcancen altos desempe\u00f1os en su formaci\u00f3n integral.<\/p>\n<p><strong>Infraestructura con ambientes especializados:<\/strong> Ampliar, adecuar y dotar los diferentes espacios f\u00edsicos acorde con las necesidades de la instituci\u00f3n, creando ambientes especializados para el aprendizaje de las diferentes disciplinas y de interacci\u00f3n social; asignando recursos econ\u00f3micos, con el fin de aumentar la satisfacci\u00f3n de la comunidad educativa.<\/p>\n","protected":false},"excerpt":{"rendered":"<p>Alto desempe\u00f1o de los estudiantes: Lograr que los estudiantes que se presentan en pruebas de estado (SABER E ICFES SABER 11\u00b0) alcancen un alto desempe\u00f1o, fruto de un proceso de profundizaci\u00f3n e innovaci\u00f3n en las \u00e1reas fundamentales, que les permita mostrarse como personas competentes ante las exigencias del medio sociocultural que la actualidad plantea. Uso [&hellip;]<\/p>\n","protected":false},"author":1,"featured_media":0,"parent":0,"menu_order":0,"comment_status":"closed","ping_status":"closed","template":"","meta":{"_uag_custom_page_level_css":"","footnotes":""},"class_list":["post-137","page","type-page","status-publish","hentry"],"uagb_featured_image_src":{"full":false,"thumbnail":false,"medium":false,"medium_large":false,"large":false,"1536x1536":false,"2048x2048":false,"scholarship-blog-medium":false,"scholarship-blog-large":false,"scholarship-portfolio-medium":false,"scholarship-team-medium":false},"uagb_author_info":{"display_name":"adm_americano","author_link":"https:\/\/colamericanodegirardot.edu.co\/home\/author\/adm_americano\/"},"uagb_comment_info":0,"uagb_excerpt":"Alto desempe\u00f1o de los estudiantes: Lograr que los estudiantes que se presentan en pruebas de estado (SABER E ICFES SABER 11\u00b0) alcancen un alto desempe\u00f1o, fruto de un proceso de profundizaci\u00f3n e innovaci\u00f3n en las \u00e1reas fundamentales, que les permita mostrarse como personas competentes ante las exigencias del medio sociocultural que la actualidad plantea. Uso&hellip;","_links":{"self":[{"href":"https:\/\/colamericanodegirardot.edu.co\/home\/wp-json\/wp\/v2\/pages\/137","targetHints":{"allow":["GET"]}}],"collection":[{"href":"https:\/\/colamericanodegirardot.edu.co\/home\/wp-json\/wp\/v2\/pages"}],"about":[{"href":"https:\/\/colamericanodegirardot.edu.co\/home\/wp-json\/wp\/v2\/types\/page"}],"author":[{"embeddable":true,"href":"https:\/\/colamericanodegirardot.edu.co\/home\/wp-json\/wp\/v2\/users\/1"}],"replies":[{"embeddable":true,"href":"https:\/\/colamericanodegirardot.edu.co\/home\/wp-json\/wp\/v2\/comments?post=137"}],"version-history":[{"count":4,"href":"https:\/\/colamericanodegirardot.edu.co\/home\/wp-json\/wp\/v2\/pages\/137\/revisions"}],"predecessor-version":[{"id":287,"href":"https:\/\/colamericanodegirardot.edu.co\/home\/wp-json\/wp\/v2\/pages\/137\/revisions\/287"}],"wp:attachment":[{"href":"https:\/\/colamericanodegirardot.edu.co\/home\/wp-json\/wp\/v2\/media?parent=137"}],"curies":[{"name":"wp","href":"https:\/\/api.w.org\/{rel}","templated":true}]}}

OBJETIVOS ESTRATÉGICOS

<p><strong>Alto desempeño de los estudiantes:</strong> Lograr que los estudiantes que se presentan en pruebas de estado (SABER E ICFES SABER 11°) alcancen un alto desempeño, fruto de un proceso de profundización e innovación en las áreas fundamentales, que les permita mostrarse como personas competentes ante las exigencias del medio sociocultural que la actualidad plantea.</p>
<p><strong>Uso de nuevas tecnologías:</strong> A través de la implementación de una política institucional académica, promover el uso y la aplicación de las herramientas en TIC`S como instrumentos de apoyo para el aprendizaje, y permitir el desarrollo de la competencia para manejo de información.</p>
				<img fetchpriority="high" decoding="async" src="https://colamericanodegirardot.edu.co/home/wp-content/uploads/2019/03/objetivos-estrategicos.png" alt="objetivos-estrategicos" itemprop="image" height="576" width="1024" title="objetivos-estrategicos" onerror="this.style.display='none'"  />
	<p>&nbsp;</p>
<p><strong>Preparación del talento humano:</strong> Contar con un equipo humano comprometido y calificado como resultado de la formación permanente en las dimensiones personales y profesionales, para garantizar que nuestros estudiantes alcancen altos desempeños en su formación integral.</p>
<p><strong>Infraestructura con ambientes especializados:</strong> Ampliar, adecuar y dotar los diferentes espacios físicos acorde con las necesidades de la institución, creando ambientes especializados para el aprendizaje de las diferentes disciplinas y de interacción social; asignando recursos económicos, con el fin de aumentar la satisfacción de la comunidad educativa.</p>

<p>Alto desempeño de los estudiantes: Lograr que los estudiantes que se presentan en pruebas de estado (SABER E ICFES SABER 11°) alcancen un alto desempeño, fruto de un proceso de profundización e innovación en las áreas fundamentales, que les permita mostrarse como personas competentes ante las exigencias del medio sociocultural que la actualidad plantea. Uso [&hellip;]</p>

Alto desempeño de los estudiantes: Lograr que los estudiantes que se presentan en pruebas de estado (SABER E ICFES SABER 11°) alcancen un alto desempeño, fruto de un proceso de profundización e innovación en las áreas fundamentales, que les permita mostrarse como personas competentes ante las exigencias del medio sociocultural que la actualidad plantea. Uso&hellip;
