{"id":156,"date":"2019-02-19T20:32:52","date_gmt":"2019-02-19T20:32:52","guid":{"rendered":"https:\/\/colamericanodegirardot.edu.co\/home\/?page_id=156"},"modified":"2025-12-03T12:32:20","modified_gmt":"2025-12-03T12:32:20","slug":"orientacion-escolar","status":"publish","type":"page","link":"https:\/\/colamericanodegirardot.edu.co\/home\/orientacion-escolar\/","title":{"rendered":"ORIENTACI\u00d3N ESCOLAR"},"content":{"rendered":"\n\n\t<h6>&#8220;INSTRUYE AL NI\u00d1O EN SU CAMINO Y AUN CUANDO FUERA VIEJO NO SE APARTAR\u00c1 DE \u00c9L&#8221;. Prov. 22:6<\/h6>\n\t<p>El \u00e1rea de Orientaci\u00f3n escolar brinda Acompa\u00f1amiento, apoyo y atenci\u00f3n a situaciones acad\u00e9micas y convivenciales de los educandos en el entorno escolar, con respecto al manejo de habilidades sociales y h\u00e1bitos de estudio, a trav\u00e9s del mejoramiento a las situaciones manifestadas en los casos notificados y remitidos por los docentes, directivos docentes y acudientes o\/y padres de familia.<\/p>\n\t<h6>PROGRAMAS DE ORIENTACI\u00d3N ESCOLAR<\/h6>\n\t\t\t\t<img loading=\"lazy\" decoding=\"async\" src=\"https:\/\/colamericanodegirardot.edu.co\/home\/wp-content\/uploads\/2019\/02\/orientacion4.jpg\" alt=\"orientacion4\" itemprop=\"image\" height=\"242\" width=\"400\" title=\"orientacion4\" onerror=\"this.style.display='none'\" loading=\"lazy\" \/>\n\t\t\t\t<img loading=\"lazy\" decoding=\"async\" src=\"https:\/\/colamericanodegirardot.edu.co\/home\/wp-content\/uploads\/2019\/02\/orientacion3.png\" alt=\"orientacion3\" itemprop=\"image\" height=\"242\" width=\"400\" title=\"orientacion3\" onerror=\"this.style.display='none'\" loading=\"lazy\" \/>\n\t\t\t\t<img loading=\"lazy\" decoding=\"async\" src=\"https:\/\/colamericanodegirardot.edu.co\/home\/wp-content\/uploads\/2019\/02\/orientacion1.png\" alt=\"orientacion1\" itemprop=\"image\" height=\"242\" width=\"400\" title=\"orientacion1\" onerror=\"this.style.display='none'\" loading=\"lazy\" \/>\n\n","protected":false},"excerpt":{"rendered":"<p>&#8220;INSTRUYE AL NI\u00d1O EN SU CAMINO Y AUN CUANDO FUERA VIEJO NO SE APARTAR\u00c1 DE \u00c9L&#8221;. Prov. 22:6 El \u00e1rea de Orientaci\u00f3n escolar brinda Acompa\u00f1amiento, apoyo y atenci\u00f3n a situaciones acad\u00e9micas y convivenciales de los educandos en el entorno escolar, con respecto al manejo de habilidades sociales y h\u00e1bitos de estudio, a trav\u00e9s del mejoramiento [&hellip;]<\/p>\n","protected":false},"author":1,"featured_media":0,"parent":0,"menu_order":0,"comment_status":"closed","ping_status":"closed","template":"","meta":{"_uag_custom_page_level_css":"","footnotes":""},"class_list":["post-156","page","type-page","status-publish","hentry"],"uagb_featured_image_src":{"full":false,"thumbnail":false,"medium":false,"medium_large":false,"large":false,"1536x1536":false,"2048x2048":false,"scholarship-blog-medium":false,"scholarship-blog-large":false,"scholarship-portfolio-medium":false,"scholarship-team-medium":false},"uagb_author_info":{"display_name":"adm_americano","author_link":"https:\/\/colamericanodegirardot.edu.co\/home\/author\/adm_americano\/"},"uagb_comment_info":0,"uagb_excerpt":"&#8220;INSTRUYE AL NI\u00d1O EN SU CAMINO Y AUN CUANDO FUERA VIEJO NO SE APARTAR\u00c1 DE \u00c9L&#8221;. Prov. 22:6 El \u00e1rea de Orientaci\u00f3n escolar brinda Acompa\u00f1amiento, apoyo y atenci\u00f3n a situaciones acad\u00e9micas y convivenciales de los educandos en el entorno escolar, con respecto al manejo de habilidades sociales y h\u00e1bitos de estudio, a trav\u00e9s del mejoramiento&hellip;","_links":{"self":[{"href":"https:\/\/colamericanodegirardot.edu.co\/home\/wp-json\/wp\/v2\/pages\/156","targetHints":{"allow":["GET"]}}],"collection":[{"href":"https:\/\/colamericanodegirardot.edu.co\/home\/wp-json\/wp\/v2\/pages"}],"about":[{"href":"https:\/\/colamericanodegirardot.edu.co\/home\/wp-json\/wp\/v2\/types\/page"}],"author":[{"embeddable":true,"href":"https:\/\/colamericanodegirardot.edu.co\/home\/wp-json\/wp\/v2\/users\/1"}],"replies":[{"embeddable":true,"href":"https:\/\/colamericanodegirardot.edu.co\/home\/wp-json\/wp\/v2\/comments?post=156"}],"version-history":[{"count":7,"href":"https:\/\/colamericanodegirardot.edu.co\/home\/wp-json\/wp\/v2\/pages\/156\/revisions"}],"predecessor-version":[{"id":2693,"href":"https:\/\/colamericanodegirardot.edu.co\/home\/wp-json\/wp\/v2\/pages\/156\/revisions\/2693"}],"wp:attachment":[{"href":"https:\/\/colamericanodegirardot.edu.co\/home\/wp-json\/wp\/v2\/media?parent=156"}],"curies":[{"name":"wp","href":"https:\/\/api.w.org\/{rel}","templated":true}]}}