{"id":171,"date":"2019-02-20T14:50:18","date_gmt":"2019-02-20T14:50:18","guid":{"rendered":"https:\/\/colamericanodegirardot.edu.co\/home\/?page_id=171"},"modified":"2025-12-03T12:51:46","modified_gmt":"2025-12-03T12:51:46","slug":"enfermeria","status":"publish","type":"page","link":"https:\/\/colamericanodegirardot.edu.co\/home\/enfermeria\/","title":{"rendered":"PRIMEROS AUXILIOS"},"content":{"rendered":"\n\n\t<p>La\u00a0<strong>Zona de Primeros Auxilios del Colegio Americano de Girardot<\/strong>\u00a0es un espacio destinado a promover el bienestar integral de toda la comunidad educativa, garantizando atenci\u00f3n oportuna, prevenci\u00f3n y acompa\u00f1amiento permanente en temas de salud f\u00edsica y emocional.<\/p>\n<p>Nuestro compromiso es fortalecer una cultura de autocuidado, h\u00e1bitos saludables y seguridad escolar mediante diversas acciones realizadas durante el a\u00f1o.<\/p>\n<p>Con nuestros estudiantes se desarrollan actividades de tipo individual y colectivo con acciones preventivas orientadas a la identificaci\u00f3n, control y disminuci\u00f3n de factores de riesgo, incentivando as\u00ed el autocuidado a partir de los h\u00e1bitos saludables.<\/p>\n\t\t\t\t<img loading=\"lazy\" decoding=\"async\" src=\"https:\/\/colamericanodegirardot.edu.co\/home\/wp-content\/uploads\/2025\/12\/1-7-scaled.jpg\" alt=\"1 (7)\" itemprop=\"image\" height=\"1922\" width=\"2560\" title=\"1 (7)\" onerror=\"this.style.display='none'\" loading=\"lazy\" \/>\n\t<h3><strong>\u00bfQu\u00e9 hacemos?<\/strong><\/h3>\n\t<ul>\n<li><strong>Jornadas de \u00cdndice de Masa Corporal (IMC):<\/strong>\u00a0Evaluaci\u00f3n peri\u00f3dica del estado nutricional de estudiantes, colaboradores y personal de la instituci\u00f3n, con el fin de promover estilos de vida saludables.<\/li>\n<li><strong>Programas de Promoci\u00f3n y Prevenci\u00f3n (PyP):<\/strong>\u00a0Actividades enfocadas en el cuidado de la salud, h\u00e1bitos de higiene, vacunaci\u00f3n y prevenci\u00f3n de enfermedades comunes en el entorno escolar.<\/li>\n<li><strong>Higiene y Autocuidado:<\/strong>\u00a0Sensibilizaci\u00f3n y campa\u00f1as educativas orientadas a fomentar pr\u00e1cticas de limpieza, cuidado personal y prevenci\u00f3n de infecciones.<\/li>\n<li><strong>Prevenci\u00f3n y cuidado de la accidentabilidad escolar:<\/strong>\u00a0Acciones y protocolos para evitar accidentes dentro de las instalaciones y brindar atenci\u00f3n inmediata cuando se presentan eventos inesperados.<\/li>\n<li><strong>Seguimiento a condiciones de salud de los estudiantes:<\/strong>\u00a0Monitoreo continuo de casos especiales, condiciones m\u00e9dicas reportadas y acompa\u00f1amiento en procesos de recuperaci\u00f3n o atenci\u00f3n requerida.<\/li>\n<li><strong>Primeros Auxilios Psicol\u00f3gicos:<\/strong>\u00a0Atenci\u00f3n inicial ante situaciones emocionales o de crisis, orientada a brindar apoyo, contenci\u00f3n y canalizaci\u00f3n adecuada.<\/li>\n<li><strong>Ergonom\u00eda en el aula de clase:<\/strong>\u00a0Implementaci\u00f3n de pr\u00e1cticas y recomendaciones que favorecen una postura adecuada, previenen lesiones y mejoran el bienestar corporal durante las actividades escolares.<\/li>\n<li><strong>Prevenci\u00f3n del consumo de sustancias energ\u00e9ticas:<\/strong>\u00a0Campa\u00f1as educativas sobre los riesgos asociados al consumo de bebidas energ\u00e9ticas en ni\u00f1os y adolescentes, promoviendo h\u00e1bitos saludables y decisiones informadas.<\/li>\n<\/ul>\n\t\t\t\t<img loading=\"lazy\" decoding=\"async\" src=\"https:\/\/colamericanodegirardot.edu.co\/home\/wp-content\/uploads\/2025\/12\/2-5-scaled.jpg\" alt=\"2 (5)\" itemprop=\"image\" height=\"1922\" width=\"2560\" title=\"2 (5)\" onerror=\"this.style.display='none'\" loading=\"lazy\" \/>\n\t\t\t\t<img loading=\"lazy\" decoding=\"async\" src=\"https:\/\/colamericanodegirardot.edu.co\/home\/wp-content\/uploads\/2025\/12\/3-4-scaled.jpg\" alt=\"3 (4)\" itemprop=\"image\" height=\"1922\" width=\"2560\" title=\"3 (4)\" onerror=\"this.style.display='none'\" loading=\"lazy\" \/>\n\t\t\t\t<img loading=\"lazy\" decoding=\"async\" src=\"https:\/\/colamericanodegirardot.edu.co\/home\/wp-content\/uploads\/2025\/12\/5-6-scaled.jpg\" alt=\"5 (6)\" itemprop=\"image\" height=\"1922\" width=\"2560\" title=\"5 (6)\" onerror=\"this.style.display='none'\" loading=\"lazy\" \/>\n\n","protected":false},"excerpt":{"rendered":"<p>La\u00a0Zona de Primeros Auxilios del Colegio Americano de Girardot\u00a0es un espacio destinado a promover el bienestar integral de toda la comunidad educativa, garantizando atenci\u00f3n oportuna, prevenci\u00f3n y acompa\u00f1amiento permanente en temas de salud f\u00edsica y emocional. Nuestro compromiso es fortalecer una cultura de autocuidado, h\u00e1bitos saludables y seguridad escolar mediante diversas acciones realizadas durante el [&hellip;]<\/p>\n","protected":false},"author":1,"featured_media":0,"parent":0,"menu_order":0,"comment_status":"closed","ping_status":"closed","template":"","meta":{"_uag_custom_page_level_css":"","footnotes":""},"class_list":["post-171","page","type-page","status-publish","hentry"],"uagb_featured_image_src":{"full":false,"thumbnail":false,"medium":false,"medium_large":false,"large":false,"1536x1536":false,"2048x2048":false,"scholarship-blog-medium":false,"scholarship-blog-large":false,"scholarship-portfolio-medium":false,"scholarship-team-medium":false},"uagb_author_info":{"display_name":"adm_americano","author_link":"https:\/\/colamericanodegirardot.edu.co\/home\/author\/adm_americano\/"},"uagb_comment_info":0,"uagb_excerpt":"La\u00a0Zona de Primeros Auxilios del Colegio Americano de Girardot\u00a0es un espacio destinado a promover el bienestar integral de toda la comunidad educativa, garantizando atenci\u00f3n oportuna, prevenci\u00f3n y acompa\u00f1amiento permanente en temas de salud f\u00edsica y emocional. Nuestro compromiso es fortalecer una cultura de autocuidado, h\u00e1bitos saludables y seguridad escolar mediante diversas acciones realizadas durante el&hellip;","_links":{"self":[{"href":"https:\/\/colamericanodegirardot.edu.co\/home\/wp-json\/wp\/v2\/pages\/171","targetHints":{"allow":["GET"]}}],"collection":[{"href":"https:\/\/colamericanodegirardot.edu.co\/home\/wp-json\/wp\/v2\/pages"}],"about":[{"href":"https:\/\/colamericanodegirardot.edu.co\/home\/wp-json\/wp\/v2\/types\/page"}],"author":[{"embeddable":true,"href":"https:\/\/colamericanodegirardot.edu.co\/home\/wp-json\/wp\/v2\/users\/1"}],"replies":[{"embeddable":true,"href":"https:\/\/colamericanodegirardot.edu.co\/home\/wp-json\/wp\/v2\/comments?post=171"}],"version-history":[{"count":11,"href":"https:\/\/colamericanodegirardot.edu.co\/home\/wp-json\/wp\/v2\/pages\/171\/revisions"}],"predecessor-version":[{"id":2700,"href":"https:\/\/colamericanodegirardot.edu.co\/home\/wp-json\/wp\/v2\/pages\/171\/revisions\/2700"}],"wp:attachment":[{"href":"https:\/\/colamericanodegirardot.edu.co\/home\/wp-json\/wp\/v2\/media?parent=171"}],"curies":[{"name":"wp","href":"https:\/\/api.w.org\/{rel}","templated":true}]}}