{"id":2458,"date":"2025-10-02T14:56:03","date_gmt":"2025-10-02T14:56:03","guid":{"rendered":"https:\/\/colamericanodegirardot.edu.co\/home\/?page_id=2458"},"modified":"2025-12-03T13:14:59","modified_gmt":"2025-12-03T13:14:59","slug":"ludoteca-preescolar","status":"publish","type":"page","link":"https:\/\/colamericanodegirardot.edu.co\/home\/ludoteca-preescolar\/","title":{"rendered":"LUDOTECA Y PARQUE INFANTIL"},"content":{"rendered":"\n<h1  data-animation-delay=\"0\" data-animation-duration=\"3\">\n\t\t\tLUDOTECA Y PARQUE INFANTIL\t<\/h1>\n\t<p>Un espacio dise\u00f1ado para estimular la creatividad, el juego y el aprendizaje de nuestros ni\u00f1os de preescolar.<\/p>\n\t\t\t<a href=\"https:\/\/www.facebook.com\/share\/r\/18cBmRmwst\/\" target=\"_blank\" rel=\"noopener\">\n\t\t\t\t\t\t\tConoce m\u00e1s\n\t\t\t<\/a>\n<h2  data-animation-delay=\"0\" data-animation-duration=\"3\">\n\t\t\tUn espacio para aprender jugando\t<\/h2>\n\t<p>En este espacio los peque\u00f1os exploran, se divierten y descubren nuevas habilidades mientras comparten experiencias con sus compa\u00f1eros.<\/p>\n\t\t\t\t<img loading=\"lazy\" decoding=\"async\" src=\"https:\/\/colamericanodegirardot.edu.co\/home\/wp-content\/uploads\/2025\/10\/IMG_7386-scaled.jpg\" alt=\"IMG_7386\" itemprop=\"image\" height=\"1707\" width=\"2560\" title=\"IMG_7386\" onerror=\"this.style.display='none'\" loading=\"lazy\" \/>\n\t<p><img decoding=\"async\" role=\"img\" draggable=\"false\" src=\"https:\/\/s.w.org\/images\/core\/emoji\/16.0.1\/svg\/31-20e3.svg\" alt=\"1\ufe0f\u20e3\" \/> <strong data-start=\"582\" data-end=\"605\">Desarrollo integral<\/strong><br data-start=\"605\" data-end=\"608\" \/><img decoding=\"async\" role=\"img\" draggable=\"false\" src=\"https:\/\/s.w.org\/images\/core\/emoji\/16.0.1\/svg\/1f449.svg\" alt=\"\ud83d\udc49\" \/> <em data-start=\"611\" data-end=\"704\">&#8220;Actividades que fortalecen la motricidad, la creatividad y la socializaci\u00f3n de los ni\u00f1os.&#8221;<\/em><\/p>\n<p><a href=\"#\">Learn more<\/a><\/p>\n\t\t\t\t<img loading=\"lazy\" decoding=\"async\" src=\"https:\/\/colamericanodegirardot.edu.co\/home\/wp-content\/uploads\/2025\/10\/IMG_7428-scaled.jpg\" alt=\"IMG_7428\" itemprop=\"image\" height=\"1707\" width=\"2560\" title=\"IMG_7428\" onerror=\"this.style.display='none'\" loading=\"lazy\" \/>\n\t<p><img decoding=\"async\" role=\"img\" draggable=\"false\" src=\"https:\/\/s.w.org\/images\/core\/emoji\/16.0.1\/svg\/32-20e3.svg\" alt=\"2\ufe0f\u20e3\" \/> <strong data-start=\"712\" data-end=\"746\">Aprendizaje a trav\u00e9s del juego<\/strong><br data-start=\"746\" data-end=\"749\" \/><img decoding=\"async\" role=\"img\" draggable=\"false\" src=\"https:\/\/s.w.org\/images\/core\/emoji\/16.0.1\/svg\/1f449.svg\" alt=\"\ud83d\udc49\" \/> <em data-start=\"752\" data-end=\"861\">&#8220;Cada rinc\u00f3n de la ludoteca est\u00e1 dise\u00f1ado para que los ni\u00f1os descubran, exploren y aprendan divirti\u00e9ndose.&#8221;<\/em><\/p>\n<p><a href=\"#\">Learn more<\/a><\/p>\n\t\t\t\t<img loading=\"lazy\" decoding=\"async\" src=\"https:\/\/colamericanodegirardot.edu.co\/home\/wp-content\/uploads\/2025\/10\/Ludoteca-1-scaled.jpg\" alt=\"Ludoteca\" itemprop=\"image\" height=\"1707\" width=\"2560\" title=\"Ludoteca\" onerror=\"this.style.display='none'\" loading=\"lazy\" \/>\n\t<p><img decoding=\"async\" role=\"img\" draggable=\"false\" src=\"https:\/\/s.w.org\/images\/core\/emoji\/16.0.1\/svg\/33-20e3.svg\" alt=\"3\ufe0f\u20e3\" \/> <strong data-start=\"869\" data-end=\"900\">Ambiente seguro y divertido<\/strong><br data-start=\"900\" data-end=\"903\" \/><img decoding=\"async\" role=\"img\" draggable=\"false\" src=\"https:\/\/s.w.org\/images\/core\/emoji\/16.0.1\/svg\/1f449.svg\" alt=\"\ud83d\udc49\" \/> <em data-start=\"906\" data-end=\"1009\">&#8220;Contamos con espacios adecuados y seguros que fomentan la confianza y la alegr\u00eda en cada actividad.&#8221;<\/em><\/p>\n<p><a href=\"#\">Learn more<\/a><\/p>\n<h2  data-animation-delay=\"0\" data-animation-duration=\"3\">\n\t\t\tUn espacio pensado para los m\u00e1s peque\u00f1os\t<\/h2>\n\t<p><em data-start=\"519\" data-end=\"697\">En el Colegio Americano de Girardot ofrecemos a nuestros ni\u00f1os de preescolar un ambiente seguro, creativo y lleno de diversi\u00f3n, donde el aprendizaje se vive a trav\u00e9s del juego.<\/em><\/p>\n\t\t\t<a href=\"https:\/\/www.facebook.com\/share\/v\/17BYXfihGZ\/\" target=\"_blank\" rel=\"noopener\">\n\t\t\t\t\t\t\tVive la experiencia\n\t\t\t<\/a>\n\t\t\t\t<img loading=\"lazy\" decoding=\"async\" src=\"https:\/\/colamericanodegirardot.edu.co\/home\/wp-content\/uploads\/2025\/10\/Ludoteca-scaled.jpg\" alt=\"Ludoteca\" itemprop=\"image\" height=\"1707\" width=\"2560\" title=\"Ludoteca\" onerror=\"this.style.display='none'\" loading=\"lazy\" \/>\n<h2  data-animation-delay=\"0\" data-animation-duration=\"3\">\n\t\t\tAprender jugando, crecer felices\t<\/h2>\n\t<p>Nuestra ludoteca y parque infantil est\u00e1n equipados con espacios modernos y seguros, dise\u00f1ados para estimular la creatividad, la motricidad y la interacci\u00f3n social de los ni\u00f1os. Cada actividad fortalece valores, potencia habilidades y acompa\u00f1a el proceso de desarrollo integral.<\/p>\n\t\t\t<a href=\"\" target=\"_self\">\n\t\t\t\t\t\t\tDescubrir m\u00e1s\n\t\t\t<\/a>\n<h2  data-animation-delay=\"0\" data-animation-duration=\"3\">\n\t\t\tTestimonios\t<\/h2>\n\t<em data-start=\"825\" data-end=\"955\">&#8220;La ludoteca y el parque infantil son espacios maravillosos. Valentina aprende jugando, desarrolla su motricidad y sobre todo disfruta cada momento.&#8221;<\/em>\n\t\t\t\t<img loading=\"lazy\" decoding=\"async\" src=\"https:\/\/colamericanodegirardot.edu.co\/home\/wp-content\/uploads\/2021\/06\/mi.pago-amigo-scaled.jpg\" alt=\"mi.pago-amigo\" itemprop=\"image\" height=\"2560\" width=\"2560\" title=\"mi.pago-amigo\" onerror=\"this.style.display='none'\" loading=\"lazy\" \/>\n\t<strong>M\u00f3nica Vanegas<br \/>\n<\/strong>Mam\u00e1 Acudiente\n\t<p>&#8220;Me encanta que en el colegio combinen el juego con el aprendizaje. Pavel est\u00e1 m\u00e1s motivado y ha desarrollado habilidades que antes no ten\u00eda.&#8221;<\/p>\n\t\t\t\t<img decoding=\"async\" src=\"https:\/\/lite.demos.wpbeaverbuilder.com\/wp-content\/uploads\/sites\/28\/2020\/02\/photo-1552664730-d307ca884978-768x768-4.jpg\" alt=\"\" itemprop=\"image\" onerror=\"this.style.display='none'\" loading=\"lazy\" \/>\n\t<strong>Carolina Pel\u00e1ez<br \/>\n<\/strong>Mam\u00e1 Acudiente\n<h1  data-animation-delay=\"0\" data-animation-duration=\"3\">\n\t\t\t\u00bfQuieres conocer m\u00e1s sobre nuestra Ludoteca y parque infantil?\t<\/h1>\n\t<p>Te invitamos a descubrir c\u00f3mo, a trav\u00e9s del juego, nuestros ni\u00f1os aprenden, exploran y crecen en un ambiente seguro y lleno de alegr\u00eda.<\/p>\n\t\t\t<a href=\"https:\/\/colamericanodegirardot.edu.co\/home\/contacto-de-admisiones\/\" target=\"_self\">\n\t\t\t\t\t\t\tAgendar una visita\n\t\t\t<\/a>\n\n","protected":false},"excerpt":{"rendered":"<p>LUDOTECA Y PARQUE INFANTIL Un espacio dise\u00f1ado para estimular la creatividad, el juego y el aprendizaje de nuestros ni\u00f1os de preescolar. Conoce m\u00e1s Un espacio para aprender jugando En este espacio los peque\u00f1os exploran, se divierten y descubren nuevas habilidades mientras comparten experiencias con sus compa\u00f1eros. Desarrollo integral &#8220;Actividades que fortalecen la motricidad, la creatividad [&hellip;]<\/p>\n","protected":false},"author":1,"featured_media":0,"parent":0,"menu_order":0,"comment_status":"closed","ping_status":"closed","template":"","meta":{"_uag_custom_page_level_css":"","footnotes":""},"class_list":["post-2458","page","type-page","status-publish","hentry"],"uagb_featured_image_src":{"full":false,"thumbnail":false,"medium":false,"medium_large":false,"large":false,"1536x1536":false,"2048x2048":false,"scholarship-blog-medium":false,"scholarship-blog-large":false,"scholarship-portfolio-medium":false,"scholarship-team-medium":false},"uagb_author_info":{"display_name":"adm_americano","author_link":"https:\/\/colamericanodegirardot.edu.co\/home\/author\/adm_americano\/"},"uagb_comment_info":0,"uagb_excerpt":"LUDOTECA Y PARQUE INFANTIL Un espacio dise\u00f1ado para estimular la creatividad, el juego y el aprendizaje de nuestros ni\u00f1os de preescolar. Conoce m\u00e1s Un espacio para aprender jugando En este espacio los peque\u00f1os exploran, se divierten y descubren nuevas habilidades mientras comparten experiencias con sus compa\u00f1eros. Desarrollo integral &#8220;Actividades que fortalecen la motricidad, la creatividad&hellip;","_links":{"self":[{"href":"https:\/\/colamericanodegirardot.edu.co\/home\/wp-json\/wp\/v2\/pages\/2458","targetHints":{"allow":["GET"]}}],"collection":[{"href":"https:\/\/colamericanodegirardot.edu.co\/home\/wp-json\/wp\/v2\/pages"}],"about":[{"href":"https:\/\/colamericanodegirardot.edu.co\/home\/wp-json\/wp\/v2\/types\/page"}],"author":[{"embeddable":true,"href":"https:\/\/colamericanodegirardot.edu.co\/home\/wp-json\/wp\/v2\/users\/1"}],"replies":[{"embeddable":true,"href":"https:\/\/colamericanodegirardot.edu.co\/home\/wp-json\/wp\/v2\/comments?post=2458"}],"version-history":[{"count":10,"href":"https:\/\/colamericanodegirardot.edu.co\/home\/wp-json\/wp\/v2\/pages\/2458\/revisions"}],"predecessor-version":[{"id":2702,"href":"https:\/\/colamericanodegirardot.edu.co\/home\/wp-json\/wp\/v2\/pages\/2458\/revisions\/2702"}],"wp:attachment":[{"href":"https:\/\/colamericanodegirardot.edu.co\/home\/wp-json\/wp\/v2\/media?parent=2458"}],"curies":[{"name":"wp","href":"https:\/\/api.w.org\/{rel}","templated":true}]}}